- -7)
-5
-4 + (-4 - -11) + 4 + -7
0
Evaluate (-16 - -3) + (2 - 0 - -5).
-6
Evaluate 0 + 4 + (0 - 0).
4
12 + -14 + 6 + -1
3
-1 + 2 + (-18 - -15 - -12)
10
What is -1 + -2 + 0 + 3 + -3?
-3
What is the value of -18 + 11 + (-2 - -11)?
2
Calculate 4 + (14 - (3 - -1)) - 7.
7
7 + (-9 - (-3 + 6))
-5
What is (7 - 2) + (2 + 9 - 11)?
5
Calculate 3 + 7 + -1 + -9.
0
Calculate 5 + -20 + 8 - -2.
-5
What is -2 + (9 - (-6 - (3 - 8)))?
8
8 + -14 + 4 + -4
-6
Calculate 6 - 1 - 5 - 5.
-5
Evaluate -8 + 5 + 15 + -8.
4
Calculate 5 + (1 - -2) - 3.
5
Calculate -9 + (9 - -6) + (-2 - -1).
5
Calculate 2 - 0 - (21 + -20).
1
Calculate (-4 - (-2 + -1)) + -2.
-3
What is the value of (-1 - -7) + -2 + -2?
2
Evaluate 9 + -2 - (-3 - -1).
9
Calculate (-6 - (-2 + 1)) + 3 - 3.
-5
(-2 - (-3 + -3)) + (-2 - -3)
5
What is the value of 1 + (1 - -2 - 4) - 3?
-3
What is -3 + (2 - 3) + 0 + 2?
-2
Calculate -1 + 7 + (-2 - 0).
4
Calculate 0 + -2 + 0 + 3.
1
Calculate 7 + (7 - 9 - 1).
4
What is the value of 1 + -9 + -4 + 2 + 6?
-4
Calculate 4 + (-12 - (-5 - 0)).
-3
-11 + (-11 - (5 + -29))
2
What is the value of 0 + -2 + 21 + -21 + 3?
1
Evaluate 7 + -3 + 2 + -1 - -1.
6
What is 1 + 5 - (-1 + 0 + 2)?
5
Evaluate (0 - (4 + -3)) + 2 + 0.
1
0 + 5 + -9 - (-3 + -2)
1
Evaluate (1 - 0) + (2 - -2).
5
What is the value of -14 + (-5 - -12) - -16?
9
What is -3 + -4 + 2 + (5 - 1)?
-1
Evaluate (5 + -20 + 3 - 3) + 7.
-8
What is the value of -7 + -3 + 6 + 2 + 4?
2
6 + -6 + 1 + -2 - 3
-4
What is the value of 24 + -31 - (1 + -3)?
-5
-4 + (-2 - -6 - 1) - -3
2
Evaluate -2 + (-5 - -7 - 5).
-5
Evaluate -2 - -4 - (7 + -1 + -1).
-3
2 + (2 + -7 - -4)
1
What is 0 + -1 - (2 + -5)?
2
What is -1 - -6 - (-2 - (-7 + 2))?
2
What is the value of 11 + (-3 - (1 - -3))?
4
What is -15 + (-4 - -5) - -9?
-5
What is 6 - (3 + (5 - -4))?
-6
Calculate 5 + 2 + 9 + -13.
3
0 + -9 + 18 + -9
0
What is the value of (-13 + 2 - -13) + (-4 - 1)?
-3
(3 + -4 + 5 - 1) + -5
-2
Calculate (3 - (19 + -4)) + 6.
-6
What is -3 + -4 + 15 + -6?
2
Calculate 33 - 29 - (9 + (1 - 1)).
-5
What is the value of -3 + (-9 + 10 - -3)?
1
What is 5 + 2 - (27 + -27)?
7
Evaluate -4 + -5 + 6 + 6.
3
Evaluate 2 + (3 - 2) - -2.
5
0 + (1 - 1) + 11 + -11
0
What is 7 - (5 - 5 - -5)?
2
(0 - (-7 - -3)) + -7
-3
Evaluate 0 - 5 - (-23 + 14).
4
What is the value of 1 + (2 + 0 - 6)?
-3
What is -2 + -3 + 1 + -1 + 5?
0
Calculate 2 + (4 - 5) - 5.
-4
-2 - -4 - 5 - (-71 - -75)
-7
What is -3 - (2 - (-6 - -12))?
1
What is (1 - (-1 - 0) - 4) + 5?
3
What is (-3 - (0 + -4)) + 1 + 2?
4
Evaluate 6 + -7 + 5 + -1.
3
Evaluate 2 + -1 - (5 + -5).
1
-18 - -26 - (-3 - -17)
-6
What is -2 + -4 + 11 + 0?
5
Calculate -1 + 0 + (-1 + 10 - 12).
-4
Calculate 6 + -5 + 7 - 7.
1
-1 - ((-2 - 1) + 7)
-5
What is the value of 11 + -8 - (3 - (-1 - -1))?
0
What is (2 - 6) + (-8 + 10 - -2)?
0
8 + -7 + (4 - 7)
-2
Calculate -16 + 12 - (-2 - -1).
-3
Evaluate (-4 - (4 - (-2 + 9))) + 4.
3
What is the value of (0 - 2) + -5 + 11?
4
Evaluate (4 - (7 - 5)) + (-2 - -6).
6
Calculate -6 + 11 + 4 + -13.
-4
Calculate (2 + (-3 - -2) - 1) + 5.
5
What is the value of (0 - -8) + -12 + -1 - -5?
0
(0 - (-8 + (1 - 1))) + -9
-1
-8 + 4 + -3 + 1
-6
What is -4 - (-1 - 1 - 4)?
2
Evaluate (-3 - 0) + 6 + 2.
5
What is -3 - (5 + -2 + -6 + 4)?
-4
Evaluate -9 + 6 + (2 - 7) + 2.
-6
Evaluate -8 - -4 - (0 + 1 + 0).
-5
Calculate 1 + 3 + -1 + -3 + 1.
1
What is -12 - (-19 - 12 - -11)?
8
8 + -8 + 3 + -11 + 3
-5
3 + (-3 + 5 - 6)
-1
Calculate 7 - (4 + 9 + -2).
-4
Calculate -1 - (1 - (6 - -3)).
7
1 + (1 - 0) + (-22 - -23)
3
Evaluate -6 - (-3 + (16 - 9)).
-10
What is -6 - (-1 - 2 - 11)?
8
What is 0 - (0 + 1 + 0)?
-1
What is 1 + -1 + 4 - 2?
2
Evaluate (2 - 5) + -4 + (12 - 6).
-1
(0 - ((12 - 3) + -4)) + 0
-5
Calculate (2 - (1 + -2)) + -79 + 74.
-2
3 + (3 + (1 - -1) - 13)
-5
What is -16 + (2 - 10) + 61 + -44?
-7
What is -11 + 18 - 7 - (-1 + -3)?
4
Evaluate 0 + (-7 - -3) + 5 + -1.
0
What is -1 - 0 - -2 - 7?
-6
What is -5 - (1 + 0 - 2)?
-4
Evaluate 4 + (0 - 8) - -8.
4
What is (0 - (3 + -1 + -3)) + 3?
4
Evaluate 20 + -13 + (-1 + -2 - 1).
3
Evaluate (-9 - -3) + (14 - 14) - -1.
-5
-2 + (17 - 1) + -8 - -2
8
(-8 + 8 - (5 + -1)) + 0
-4
1 + (-13 - (-5 - -4)) + 5
-6
Evaluate 0 + 1 + 2 + 4 + -9.
-2
Evaluate -2 - (-5 - (-5 + 0)).
-2
Evaluate 10 + (-2 - -1 - 5).
4
What is the value of 3 - (-3 + 0 + 0 + 4)?
2
8 + 1 + (7 - 2 - 8)
6
Calculate -10 + 6 + 1 + 6.
3
What is the value of 9 + -14 + 11 + -5 + 0?
1
Calculate -2 - ((4 - 3) + -7).
4
What is the value of -2 - -10 - (12 - (11 - 6))?
1
What is the value of 1 + 2 + 7 - 7?
3
What is the value of (0 + -10 + 3 - -2) + 4?
-1
Evaluate (-25 - -6) + 9 + 2.
-8
Evaluate -2 + (5 - 6 - 2) - -2.
-3
Evaluate -3 - 3 - -6 - -6.
6
Evaluate 3 - 5 - -3 - (-2 + 4).
-1
What is the value of -1 - ((2 - -1) + (-1 - 4))?
1
What is the value of -10 + 3 - -1 - (-10 + 1)?
3
What is the value of -3 + (-2 - (1 - 5))?
-1
Calculate -3 - ((8 - -4) + -12).
-3
Calculate (7 - 2) + -8 + 6.
3
What is 3 - (0 - 0 - -1)?
2
Calculate (-3 + 8 - 9) + 10.
6
What is -8 + 9 - 12 - -5?
-6
Calculate 2 + -2 + -5 + 10 + -6.
-1
Calculate 3 - ((11 - 5 - 0) + -2).
-1
38 - 45 - (-8 - 0)
1
What is the value of (-9 + 7 - (-1 - -2)) + -1?
-4
Calculate -2 + 2 + 10 + -16.
-6
What is -7 + 8 + -11 + 6?
-4
Evaluate (-15 - -26) + -5 + 0.
6
Calculate -4 - (-2 - (-4 + 2 - -4)).
0
What is the value of -1 + -4 + (3 - (-4 - -6))?
-4
What is the value of 6 + -4 + -7 - -3?
-2
What is 2 + (1 - 0 - -4)?
7
What is 3 - (-4 - (-3 + 1))?
5
What is the value of -7 - 1 - (-8 + 6)?
-6
Calculate -3 + (3 - 4 - -3) - -1.
0
Calculate 11 - (6 + (-5 + 6 - 3)).
7
Calculate (0 - -8 - 3) + -2 + -6.
-3
Evaluate (-15 - 0) + -12 + 35 + -17.
-9
-3 + 10 - 9 - -1
-1
What is 5 + -4 - (-5 + -4 + 7)?
3
What is the value of 0 + 1 - (8 - (9 + -3))?
-1
What is the value of (-15 + 1 - -12) + -3?
-5
What is 2 + -4 + -2 + 7 + 1?
4
Evaluate 7 + (7 - 25) + (5 - 1).
-7
Evaluate 0 - (0 + -14) - 5.
9
Calculate -9 + 0 - (-29 + 21).
-1
What is 0 + 2 + (-49 - -42)?
-5
Evaluate -7 + 6 + -8 + 6.
-3
Calculate -1 - (-4 + 5) - -2.
0
Evaluate (-4 - -11) + -2 - 5.
0
What is the value of 8 + (-11 - -5) + 1?
3
Calculate 1 + 6 - (1 + 2).
4
Evaluate 6 + 4 + -2 + -3.
5
Calculate (-1 - -2) + 5 + (-71 - -59).
-6
What is the value of (-10 - (-2 + -3 + 1)) + 7?
1
-3 + -9 + 5 - 3
-10
4 + 3 - (-8 + 23)
-8
8 + -4 - (-1 - -4)
1
Calculate (-4 - -1) + 6 - 2.
1
Evaluate -4 - (0 + (2 + 1 - 2)).
-5
What is 4 + (3 - 5) + -1?
1
Evaluate -3 - -4 - (-3 - -10).
-6
8 - 0 - (6 + 4)
-2
What is the value of 5 - (-1 - -3) - (10 - 2)?
-5
(4 - -5 - 4) + 2 - 9
-2
(-2 - -1) + -3 + 12 - 1
7
What is the value of -3 + (2 + -2 - 1)?
-4
What is the value of 3 - (9 + (-2 - 0)) - -12?
8
Calculate -2 + -1 + -2 + 6 + -2.
-1
(1 - -4) + -2 - 7 - -2
-2
(2 - (8 + -1)) + 3
-2
What is the value of 6 - (1 + (-5 - -5) + 4)?
1
What is -7 + 9 + 2 + -4?
0
What is the value of 9 + 1 - (-97 - -101)?
6
Calculate -3 - (3 - (3 + 3)).
0
What is the value of (-1 - -12) + 31 + -35?
7
Calculate 8 - (5 + -12 + 13).
2
What is the value of -6 + 3 - -3 - 2?
-2
Calculate -4 - (2 + (-3 - 0)).
-3
Calculate -12 - -4 - (-6 - 0).
-2
What is the value of (-5 - -3) + (-1 - -1)?
-2
1 + -1 - (15 - 18) - -1
4
(1 - 9) + (89 - 83)
-2
Evaluate 8 - (4 + 4 + -9).
9
What is the value of -8 - (-13 + 1 + (3 - -1))?
0
What is (-4 - (-3 + -1)) + 1 + 1?
2
What is the value of -8 + 2 + -2 - -2 - -3?
-3
Calculate -3 + (-1 - -2) + -2.
-4
Evaluate -12 + 1 + 9 + -2.
-4
Evaluate -1 + (-2 - 0) - (14 - 14).
-3
Calculate 4 + -3 + (1 - 1) + -6.
-5
(-2 - (2 + 2)) + (-30 - -30)
-6
What is -19 - -15 - (1 + -8)?
3
(0 - 0) + 4 + (-5 - -1)
0
What is (0 - (6 + -11)) + (-9 - -4)?
0
Calculate 7 - (2 + 0 + 2) - -1.
4
Calculate (-62 - -70) + (1 - 1).
8
7 + 1 - (-37 + 47)
-2
What is (-12 - -23) + (-8 - 3)?
0
Evaluate 12 + -12 + -4 - 6.
-10
What is (7 + -5 - 11) + 4?
-5
Calculate 0 - (-3 + 1) - 7.
-5
What is the value of -1 + -4 + (5 - 5)?
-5
What is the value of (1 - -2) + (-4 - -4) + -3?
0
Evaluate 2 + -4 + -7 + 9.
0
Calculate (-6 + 18 - (0 + 6)) + -6.
0
What is the value of 2 + (6 - -3 - 18)?
-7
-3 - -18 - (7 + -1)
9
Evaluate (4 - 5) + -5 + (8 - 4).
-2
(-14 - 4) + 11 + (-1 - -2)
-6
Calculate -4 + (-9 - -18 - (0 - -3)).
2
What is the value of 8 + (7 + -7 - 8)?
0
What is the value of 13 - (9 + 0 - -3)?
1
Evaluate -1 - (0 + -11 + (8 - 2)).
4
Calculate 1